{"id":1439,"date":"2018-10-25T17:15:07","date_gmt":"2018-10-25T17:15:07","guid":{"rendered":"http:\/\/glmdev.com\/centreunite\/?page_id=1439"},"modified":"2022-06-21T15:38:31","modified_gmt":"2022-06-21T15:38:31","slug":"equipe","status":"publish","type":"page","link":"https:\/\/centre-unite.com\/?page_id=1439","title":{"rendered":"Notre \u00e9quipe"},"content":{"rendered":"\n<h1 class=\"wp-block-heading\"><span class=\"ish-highlight\">Notre \u00e9quipe<\/span><\/h1>\n\n\n\n<h2 class=\"wp-block-heading\">notre force<\/h2>\n\n\n\n<p>Le Centre Unit\u00e9 est dirig\u00e9 par un conseil d\u2019administration. L\u2019organisme dispose d\u2019une \u00e9quipe d\u2019intervenants de milieu et d&#8217;intervenants communautaire scolaires, qui est appuy\u00e9 par des b\u00e9n\u00e9voles de tous \u00e2ges.<\/p>\n\n\n\n<hr class=\"wp-block-separator has-alpha-channel-opacity\"\/>\n\n\n\n<hr class=\"wp-block-separator has-alpha-channel-opacity\"\/>\n\n\n\n<h2 class=\"wp-block-heading\"><span class=\"ish-hightlight\">Conseil d&#8217;administration<\/span><\/h2>\n\n\n\n<h4 class=\"wp-block-heading\">Le Centre Unit\u00e9 est dirig\u00e9 par un conseil d\u2019administration compos\u00e9 de membres de la communaut\u00e9.<\/h4>\n\n\n\n<div id=\"ish-porto\" class=\"ish-main-content ish-content-parallax ish-pflo-gal ish-scroll-anim ish-2col\" style=\"position: relative; height: 2078px; perspective-origin: 50% 1281px; margin-top: -138.6px;\" data-initial-top=\"0\">\n<div id=\"post-97\" class=\"ish-item shown\" style=\"width: calc(50% - 1px); position: absolute; top: 0px; left: 0px;\" data-initial-top=\"0\">\n<div class=\"ish-item-container\">\n<div class=\"ish-caption-container\">\n<div class=\"ish-caption\" style=\"bottom: 73px;\"><span class=\"ish-h4 \">Vice-pr\u00e9sidence<\/span><span class=\"ish-separator\">\/<\/span>H\u00e9l\u00e8ne Duplessis<\/div>\n<\/div>\n<figure><img loading=\"lazy\" decoding=\"async\" class=\"attachment-medium_large size-medium_large wp-post-image\" src=\"https:\/\/centre-unite.com\/wp-content\/uploads\/2018\/11\/vicepresidente-1.jpg\" sizes=\"(max-width: 768px) 100vw, 768px\" srcset=\"https:\/\/centre-unite.com\/wp-content\/uploads\/2018\/11\/vicepresidente-1.jpg?resize=768%2C576&amp;ssl=1 768w, https:\/\/centre-unite.com\/wp-content\/uploads\/2018\/11\/vicepresidente-1.jpg?resize=300%2C225&amp;ssl=1 300w, https:\/\/centre-unite.com\/wp-content\/uploads\/2018\/11\/vicepresidente-1.jpg?resize=1024%2C768&amp;ssl=1 1024w, https:\/\/centre-unite.com\/wp-content\/uploads\/2018\/11\/vicepresidente-1.jpg?w=1200&amp;ssl=1 1200w\" alt=\"\" width=\"768\" height=\"576\"><\/figure><div class=\"ish-img\"><a class=\"ish-lightbox ish-img-scale ish-img-shadow\" style=\"background-image: url('https:\/\/centre-unite.com\/wp-content\/uploads\/2018\/11\/vicepresidente-1.jpg?fit=980%2C735&amp;ssl=1');\" href=\"https:\/\/centre-unite.com\/wp-content\/uploads\/2018\/11\/vicepresidente-1.jpg?fit=980%2C735&amp;ssl=1\" data-sub-html=\"Vice-pr\u00e9sidence\"><br> <\/a><\/div>\n<\/div>\n<\/div>\n<div id=\"post-96\" class=\"ish-item shown\" style=\"width: calc(50% - 1px); position: absolute; top: 0px; left: calc(50% + 1px); margin-top: -58px;\" data-initial-top=\"0\">\n<div class=\"ish-item-container\">\n<div class=\"ish-caption-container\">\n<div class=\"ish-caption\" style=\"bottom: 22px;\"><span class=\"ish-h4 ish--tc20\">Pr\u00e9sidence<\/span><span class=\"ish-separator\">\/<\/span>Fran\u00e7ois-Xavier Bilodeau<\/div>\n<\/div>\n<figure><img loading=\"lazy\" decoding=\"async\" class=\"alignnone  wp-image-2330\" src=\"https:\/\/centre-unite.com\/wp-content\/uploads\/2022\/06\/Franc\u0327ois-Xavier-Bilodeau-1-257x300.jpg\" alt=\"\" width=\"427\" height=\"498\" srcset=\"https:\/\/centre-unite.com\/wp-content\/uploads\/2022\/06\/Franc\u0327ois-Xavier-Bilodeau-1-257x300.jpg 257w, https:\/\/centre-unite.com\/wp-content\/uploads\/2022\/06\/Franc\u0327ois-Xavier-Bilodeau-1.jpg 600w\" sizes=\"(max-width: 427px) 100vw, 427px\" \/><\/figure><div class=\"ish-img\"><a class=\"ish-lightbox ish-img-scale ish-img-shadow\" style=\"background-image: url('https:\/\/centre-unite.com\/wp-content\/uploads\/2020\/01\/presidente.jpg?fit=600%2C700&amp;ssl=1');\" href=\"https:\/\/centre-unite.com\/wp-content\/uploads\/2020\/01\/presidente.jpg?fit=600%2C700&amp;ssl=1\" data-sub-html=\"Pr\u00e9sidence\"><br><br><\/a><\/div>\n<\/div>\n<\/div>\n\n<div id=\"post-94\" class=\"ish-item shown\" style=\"width: calc(50% - 1px); position: absolute; top: 837px; left: calc(50% + 1px); margin-top: -58px;\" data-initial-top=\"0\">\n<div class=\"ish-item-container\">\n<div class=\"ish-caption-container\">\n<div class=\"ish-caption\" style=\"bottom: 0px;\"><span class=\"ish-h4 ish--tc13\">Secr\u00e9tariat<\/span><span class=\"ish-separator\">\/<\/span>France Lefebvre<\/div>\n<\/div>\n<figure><img loading=\"lazy\" decoding=\"async\" class=\"alignnone  wp-image-2323\" src=\"https:\/\/centre-unite.com\/wp-content\/uploads\/2022\/06\/Administration1.jpeg\" alt=\"\" width=\"437\" height=\"467\"><\/figure><div class=\"ish-img\"><a class=\"ish-lightbox ish-img-scale ish-img-shadow\" style=\"background-image: url('https:\/\/centre-unite.com\/wp-content\/uploads\/2022\/06\/Administration1.jpeg');\" href=\"https:\/\/centre-unite.com\/wp-content\/uploads\/2022\/06\/Administration1.jpeg\" secr\u00e9tariat\"=\"\"><br><br><\/a><\/div>\n<\/div>\n<\/div>\n<div id=\"post-92\" class=\"ish-item animate\" style=\"width: calc(50% - 1px); position: absolute; top: 998px; left: 0px; animation-duration: 0.636165s;\" data-initial-top=\"0\">\n<div class=\"ish-item-container\">\n<div class=\"ish-caption-container\">\n<div class=\"ish-caption\" style=\"bottom: 0px;\"><span class=\"ish-h4 ish--tc5\">Administration<\/span><span class=\"ish-separator\">\/<\/span>Hakima Soualah<\/div>\n<\/div>\n<figure><img loading=\"lazy\" decoding=\"async\" class=\"attachment-medium_large size-medium_large wp-post-image\" src=\"https:\/\/centre-unite.com\/wp-content\/uploads\/2022\/06\/20220602_150045-2.jpg\" sizes=\"(max-width: 768px) 100vw, 768px\" srcset=\"https:\/\/centre-unite.com\/wp-content\/uploads\/2022\/06\/20220602_150045-2.jpg 768w, https:\/\/centre-unite.com\/wp-content\/uploads\/2022\/06\/20220602_150045-2.jpgresize=300%2C225&amp;ssl=1 300w, https:\/\/centre-unite.com\/wp-content\/uploads\/2022\/06\/20220602_150045-2.jpg\" \"=\"\" width=\"768\" height=\"576\"><\/figure><div class=\"ish-img\"><a class=\"ish-lightbox ish-img-scale ish-img-shadow\" style=\"background-image: url('https:\/\/centre-unite.com\/wp-content\/uploads\/2022\/06\/20220602_150045-2.jpg');\" data-sub-html=\"Administration\"><br> <\/a><\/div>\n<\/div>\n<\/div>\n\n<div id=\"post-94\" class=\"ish-item shown\" style=\"width: calc(50% - 1px); position: absolute; top: 837px; left: calc(50% + 1px); margin-top: -58px;\" data-initial-top=\"0\">\n<div class=\"ish-item-container\">\n<div class=\"ish-caption-container\">\n<div class=\"ish-caption\" style=\"bottom: 0px;\"><span class=\"ish-h4 ish--tc13\">Administration<\/span><span class=\"ish-separator\">\/<\/span>Sonia Talbi<\/div>\n<\/div>\n<figure><img loading=\"lazy\" decoding=\"async\" class=\"alignnone  wp-image-2323\" src=\"https:\/\/centre-unite.com\/wp-content\/uploads\/2022\/06\/20220531_164835.jpg\" alt=\"\" width=\"437\" height=\"467\" srcset=\"https:\/\/centre-unite.com\/wp-content\/uploads\/2022\/06\/20220531_164835.jpg 1512w, https:\/\/centre-unite.com\/wp-content\/uploads\/2022\/06\/20220531_164835-281x300.jpg 281w, https:\/\/centre-unite.com\/wp-content\/uploads\/2022\/06\/20220531_164835-960x1024.jpg 960w, https:\/\/centre-unite.com\/wp-content\/uploads\/2022\/06\/20220531_164835-768x819.jpg 768w, https:\/\/centre-unite.com\/wp-content\/uploads\/2022\/06\/20220531_164835-1440x1536.jpg 1440w\" sizes=\"(max-width: 437px) 100vw, 437px\" \/><\/figure><div class=\"ish-img\"><a class=\"ish-lightbox ish-img-scale ish-img-shadow\" style=\"https:\/\/centre-unite.com\/wp-content\/uploads\/2022\/06\/20220531_164835.jpg');\" https:=\"\" www.centre-unite.com=\"\" wp-content=\"\" uploads=\"\" 2022=\"\" 06=\"\" 20220531_164835.jpg\"=\"\"><br><br><\/a><\/div>\n<\/div>\n<\/div>\n\n<div id=\"post-94\" class=\"ish-item shown\" style=\"width: calc(50% - 1px); position: absolute; top: 837px; left: calc(50% + 1px); margin-top: -58px;\" data-initial-top=\"0\">\n<div class=\"ish-item-container\">\n<div class=\"ish-caption-container\">\n<div class=\"ish-caption\" style=\"bottom: 0px;\"><span class=\"ish-h4 ish--tc13\">Administration<\/span><span class=\"ish-separator\">\/<\/span>Juliana Silva<\/div>\n<\/div>\n<figure><img loading=\"lazy\" decoding=\"async\" class=\"alignnone  wp-image-2323\" src=\"https:\/\/centre-unite.com\/wp-content\/uploads\/2022\/06\/Juliana_Silva-1.jpg\" alt=\"\" width=\"437\" height=\"467\"><\/figure><div class=\"ish-img\"><a class=\"ish-lightbox ish-img-scale ish-img-shadow\" style=\"background-image: url('https:\/\/centre-unite.com\/wp-content\/uploads\/2022\/06\/Juliana_Silva-1.jpg');\" href=\"https:\/\/centre-unite.com\/wp-content\/uploads\/2022\/06\/Juliana_Silva-1.jpg\"><br><br><\/a><\/div>\n<\/div>\n<\/div>\n\n\n<div id=\"post-90\" class=\"ish-item animate\" style=\"width: calc(50% - 1px); position: absolute; top: 1336px; left: calc(50% + 1px); margin-top: -58px; animation-duration: 0.501757s;\" data-initial-top=\"0\">\n<div class=\"ish-item-container\">\n<div class=\"ish-caption-container\">\n<div class=\"ish-caption\" style=\"bottom: 0px;\">&nbsp;<\/div>\n<\/div>\n<div class=\"ish-img\">&nbsp;<\/div>\n<\/div>\n<\/div>\n<\/div>\n\n\n\n<p><\/p>\n\n\n\n<h2 class=\"wp-block-heading\"><span class=\"ish-hightlight\">Les employ\u00e9s<\/span><\/h2>\n\n\n\n<h4 class=\"wp-block-heading\">L\u2019Unit\u00e9 dispose d\u2019une \u00e9quipe d\u2019intervenants multidisciplinaires qui ont \u00e0 coeur le bien-\u00eatre des jeunes. Ils travaillent ensemble afin de r\u00e9pondre aux besoins des familles laurentiennes.<\/h4>\n\n\n\n<figure id=\"employee-table\" class=\"wp-block-table\"><table><tbody><tr><th><strong>\u00c9QUIPE TERRAIN<\/strong><\/th><\/tr><tr><td><strong>Direction g\u00e9n\u00e9rale<\/strong><\/td><td>\n<ul>\n<li style=\"text-align: left;\">Christian Pellerin<\/li>\n<\/ul>\n<\/td><\/tr><tr><th>INTERVENTION DE MILIEU<\/th><\/tr><tr><td><strong>Coordonnatrice<\/strong><\/td><td>\n<ul>\n<li style=\"text-align: left;\">Esther Brousseau<\/li>\n<\/ul>\n<\/td><\/tr><tr><td><strong>Intervenants de<br>Milieu 8-12 (IDM812)<\/strong><\/td><td> <ul> <li>Gabrielle Courtois<\/li> <li>Catherine Godin<\/li> <li>Oph\u00e9lie Bastien<\/li> <li>Dorianne Lewis<\/li> <\/ul> <\/td><\/tr><tr><td><strong>Intervenants de<br>Milieu 12-17 (IDM1217)<\/strong><\/td><td> <ul><li style=\"text-align: left;\">Patricia Barcha<\/li> <span style=\"font-family: inherit; font-size: inherit; font-weight: inherit; color: initial;\"> <\/span><\/ul><\/td><\/tr><tr><th>INTERVENTION COMMUNAUTAIRE SCOLAIRE<\/th><\/tr><tr><td><strong>Intervenantes Communautaire<br>Scolaire (ICS)<\/strong><\/td><td> <ul> <li style=\"text-align: left;\">Stecy Baragengana<\/li> <li style=\"text-align: left;\">Amina El-Housseini<\/li> <li style=\"text-align: left;\">Kileka Coulibaly<\/li><\/ul> <\/td><\/tr><\/tbody><\/table><\/figure>\n\n\n\n<h2 class=\"wp-block-heading\"><span class=\"ish-hightlight\">Nos b\u00e9n\u00e9voles<\/span><\/h2>\n\n\n\n<h4 class=\"wp-block-heading\">Le b\u00e9n\u00e9volat c\u2019est donner de son temps pour contribuer \u00e0 cr\u00e9er un monde meilleur. Le Centre Unit\u00e9 est fier de susciter l\u2019implication et l\u2019engagement des jeunes et moins jeunes dans notre soci\u00e9t\u00e9.<\/h4>\n\n\n<div class=\"wp-block-image\">\n<figure class=\"aligncenter\"><img decoding=\"async\" src=\"https:\/\/centre-unite.com\/wp-content\/uploads\/2018\/05\/benevole.jpg\" alt=\"\" class=\"wp-image-1277\"\/><\/figure><\/div>\n\n\n<h3 class=\"wp-block-heading\">Soyez le changement que vous voulez&nbsp;voir dans le monde<\/h3>\n\n\n\n<h6 class=\"wp-block-heading\">&#8211; Gandhi<\/h6>\n\n\n\n<p>Le Centre Unit\u00e9 c\u2019est une grande \u00e9quipe qui unit ses efforts pour mieux desservir les jeunes et les familles de Saint-Laurent. L\u2019\u00e9quipe terrain est compos\u00e9e de professionnels ayant les comp\u00e9tences et la formation pour intervenir ad\u00e9quatement aupr\u00e8s de cette population. De nombreux b\u00e9n\u00e9voles gravitent autour du Centre et nous soutiennent dans l\u2019accomplissement de notre mission. Certains b\u00e9n\u00e9voles nous pr\u00eatent main forte lors d\u2019\u00e9v\u00e9nements.<\/p>\n\n\n\n<h3 class=\"wp-block-heading\"><span class=\"ish-highlight\">DEVENEZ B\u00c9N\u00c9VOLE!<\/span><\/h3>\n\n\n\n<p><strong>Ensemble on peut accomplir de grandes choses. Devenez b\u00e9n\u00e9vole et faites don de votre pr\u00e9cieux temps au profit d\u2019un organisme communautaire. S\u2019investir dans sa communaut\u00e9, c\u2019est faire partie du changement !<\/strong><\/p>\n\n\n\n<h4 class=\"wp-block-heading\">Joignez-vous \u00e0 une \u00e9quipe d\u00e9vou\u00e9e en compl\u00e9tant le formulaire ci-dessous!<\/h4>\n\n\n\n<figure class=\"wp-block-table\"><table><tbody><tr><th>\n\t<section id=\"yikes-mailchimp-container-1\" class=\"yikes-mailchimp-container yikes-mailchimp-container-1 \">\n\t\t\t\t<form id=\"donnez-de-votre-temps-1\" class=\"yikes-easy-mc-form yikes-easy-mc-form-1  \" method=\"POST\" data-attr-form-id=\"1\">\n\n\t\t\t\t\t\t\t\t\t\t\t\t\t<label for=\"yikes-easy-mc-form-1-FNAME\"  class=\"FNAME-label yikes-mailchimp-field-required \">\n\n\t\t\t\t\t\t\t\t\t\t<!-- dictate label visibility -->\n\t\t\t\t\t\t\t\t\t\t\t\t\t\t\t\t\t\t\t\t\t<span class=\"FNAME-label\">\n\t\t\t\t\t\t\t\t\t\t\t\tNom\t\t\t\t\t\t\t\t\t\t\t<\/span>\n\t\t\t\t\t\t\t\t\t\t\n\t\t\t\t\t\t\t\t\t\t<!-- Description Above -->\n\t\t\t\t\t\t\t\t\t\t\n\t\t\t\t\t\t\t\t\t\t<input id=\"yikes-easy-mc-form-1-FNAME\"  name=\"FNAME\"  placeholder=\"\"  class=\"yikes-easy-mc-text \"  required=\"required\" type=\"text\"  value=\"\">\n\n\t\t\t\t\t\t\t\t\t\t<!-- Description Below -->\n\t\t\t\t\t\t\t\t\t\t\n\t\t\t\t\t\t\t\t\t<\/label>\n\t\t\t\t\t\t\t\t\t\t\t\t\t\t\t\t\t\t<label for=\"yikes-easy-mc-form-1-LNAME\"  class=\"LNAME-label yikes-mailchimp-field-required \">\n\n\t\t\t\t\t\t\t\t\t\t<!-- dictate label visibility -->\n\t\t\t\t\t\t\t\t\t\t\t\t\t\t\t\t\t\t\t\t\t<span class=\"LNAME-label\">\n\t\t\t\t\t\t\t\t\t\t\t\tPr\u00e9nom\t\t\t\t\t\t\t\t\t\t\t<\/span>\n\t\t\t\t\t\t\t\t\t\t\n\t\t\t\t\t\t\t\t\t\t<!-- Description Above -->\n\t\t\t\t\t\t\t\t\t\t\n\t\t\t\t\t\t\t\t\t\t<input id=\"yikes-easy-mc-form-1-LNAME\"  name=\"LNAME\"  placeholder=\"\"  class=\"yikes-easy-mc-text \"  required=\"required\" type=\"text\"  value=\"\">\n\n\t\t\t\t\t\t\t\t\t\t<!-- Description Below -->\n\t\t\t\t\t\t\t\t\t\t\n\t\t\t\t\t\t\t\t\t<\/label>\n\t\t\t\t\t\t\t\t\t\t\t\t\t\t\t\t\t\t<label for=\"yikes-easy-mc-form-1-EMAIL\"  class=\"EMAIL-label yikes-mailchimp-field-required \">\n\n\t\t\t\t\t\t\t\t\t\t<!-- dictate label visibility -->\n\t\t\t\t\t\t\t\t\t\t\t\t\t\t\t\t\t\t\t\t\t<span class=\"EMAIL-label\">\n\t\t\t\t\t\t\t\t\t\t\t\tAdresse de messagerie\t\t\t\t\t\t\t\t\t\t\t<\/span>\n\t\t\t\t\t\t\t\t\t\t\n\t\t\t\t\t\t\t\t\t\t<!-- Description Above -->\n\t\t\t\t\t\t\t\t\t\t\n\t\t\t\t\t\t\t\t\t\t<input id=\"yikes-easy-mc-form-1-EMAIL\"  name=\"EMAIL\"  placeholder=\"\"  class=\"yikes-easy-mc-email \"  required=\"required\" type=\"email\"  value=\"\">\n\n\t\t\t\t\t\t\t\t\t\t<!-- Description Below -->\n\t\t\t\t\t\t\t\t\t\t\n\t\t\t\t\t\t\t\t\t<\/label>\n\t\t\t\t\t\t\t\t\t\n\t\t\t\t<!-- Honeypot Trap -->\n\t\t\t\t<input type=\"hidden\" name=\"yikes-mailchimp-honeypot\" id=\"yikes-mailchimp-honeypot-1\" value=\"\">\n\n\t\t\t\t<!-- List ID -->\n\t\t\t\t<input type=\"hidden\" name=\"yikes-mailchimp-associated-list-id\" id=\"yikes-mailchimp-associated-list-id-1\" value=\"588bb18b26\">\n\n\t\t\t\t<!-- The form that is being submitted! Used to display error\/success messages above the correct form -->\n\t\t\t\t<input type=\"hidden\" name=\"yikes-mailchimp-submitted-form\" id=\"yikes-mailchimp-submitted-form-1\" value=\"1\">\n\n\t\t\t\t<!-- Submit Button -->\n\t\t\t\t<input type=\"image\" alt=\"Envoyer\" src=\"https:\/\/centre-unite.com\/wp-content\/uploads\/2018\/10\/envoyer.png\" class=\"yikes-easy-mc-submit-button yikes-easy-mc-submit-button-image yikes-easy-mc-submit-button-1 btn btn-primary \">\t\t\t\t<!-- Nonce Security Check -->\n\t\t\t\t<input type=\"hidden\" id=\"yikes_easy_mc_new_subscriber_1\" name=\"yikes_easy_mc_new_subscriber\" value=\"772f543fc4\">\n\t\t\t\t<input type=\"hidden\" name=\"_wp_http_referer\" value=\"\/index.php?rest_route=%2Fwp%2Fv2%2Fpages%2F1439\" \/>\n\t\t\t<\/form>\n\t\t\t<!-- Mailchimp Form generated by Easy Forms for Mailchimp v6.8.10 (https:\/\/wordpress.org\/plugins\/yikes-inc-easy-mailchimp-extender\/) -->\n\n\t\t\t<\/section>\n\t<\/th><\/tr><\/tbody><\/table><\/figure>\n","protected":false},"excerpt":{"rendered":"<p>Notre \u00e9quipe notre force Le Centre Unit\u00e9 est dirig\u00e9 par un conseil d\u2019administration. L\u2019organisme dispose d\u2019une \u00e9quipe d\u2019intervenants de milieu et d&#8217;intervenants communautaire scolaires, qui est appuy\u00e9 par des b\u00e9n\u00e9voles [&hellip;]<\/p>\n","protected":false},"author":1,"featured_media":0,"parent":0,"menu_order":0,"comment_status":"closed","ping_status":"closed","template":"","meta":{"_mi_skip_tracking":false,"_exactmetrics_sitenote_active":false,"_exactmetrics_sitenote_note":"","_exactmetrics_sitenote_category":0,"footnotes":""},"_links":{"self":[{"href":"https:\/\/centre-unite.com\/index.php?rest_route=\/wp\/v2\/pages\/1439"}],"collection":[{"href":"https:\/\/centre-unite.com\/index.php?rest_route=\/wp\/v2\/pages"}],"about":[{"href":"https:\/\/centre-unite.com\/index.php?rest_route=\/wp\/v2\/types\/page"}],"author":[{"embeddable":true,"href":"https:\/\/centre-unite.com\/index.php?rest_route=\/wp\/v2\/users\/1"}],"replies":[{"embeddable":true,"href":"https:\/\/centre-unite.com\/index.php?rest_route=%2Fwp%2Fv2%2Fcomments&post=1439"}],"version-history":[{"count":117,"href":"https:\/\/centre-unite.com\/index.php?rest_route=\/wp\/v2\/pages\/1439\/revisions"}],"predecessor-version":[{"id":2409,"href":"https:\/\/centre-unite.com\/index.php?rest_route=\/wp\/v2\/pages\/1439\/revisions\/2409"}],"wp:attachment":[{"href":"https:\/\/centre-unite.com\/index.php?rest_route=%2Fwp%2Fv2%2Fmedia&parent=1439"}],"curies":[{"name":"wp","href":"https:\/\/api.w.org\/{rel}","templated":true}]}}