{"id":1565,"date":"2018-11-14T19:08:12","date_gmt":"2018-11-14T19:08:12","guid":{"rendered":"http:\/\/glmdev.com\/centreunite\/?page_id=1565"},"modified":"2022-06-21T14:58:19","modified_gmt":"2022-06-21T14:58:19","slug":"documents","status":"publish","type":"page","link":"https:\/\/centre-unite.com\/?page_id=1565","title":{"rendered":"Documents"},"content":{"rendered":"\n<p>Rapport d&#8217;activit\u00e9<\/p>\n\n\n\n<div class=\"ish-row ish-results\">\n<div id=\"post-1368\" class=\"ish-result ish-col-xs-12 ish-col-sm-11 post-1368 page type-page status-publish hentry ish-color18\">\n<p><span class=\"ish-result-number\">01<\/span><\/p>\n<h4 class=\"ish-title\"><a href=\"\/\/www.centre-unite.com\/wp-content\/uploads\/2022\/06\/Centre-Unite_RapportAnnuel_2021-2022_email_Spread.pdf\" target=\"_blank\" rel=\"bookmark noopener noreferrer\">Rapport annuel 2021-2022<\/a><\/h4>\n<p class=\"entry-summary\">Rapport d&#8217;activit\u00e9<\/p>\n<\/div>\n<\/div>\n\n\n<div id=\"ish-main-content\" class=\"ish-main-content ish-content-parallax\" style=\"margin-top: -248.1px;\" data-initial-top=\"0\">\n<div class=\"ish-row ish-results\">\n<div id=\"post-1439\" class=\"ish-result ish-col-xs-12 ish-col-sm-11 post-1439 page type-page status-publish hentry ish-col-xs-offset-0 ish-col-sm-offset-1 ish-color14\">\n<p><span class=\"ish-result-number\">02<\/span><\/p>\n<h4 class=\"ish-title\"><a href=\"https:\/\/centre-unite.com\/wp-content\/uploads\/2021\/06\/Centre-Unite_RapportAnnuel_2020-2021_Spread.pdf\" target=\"_blank\" rel=\"noopener noreferrer\">Rapport annuel 2020-2021<\/a><\/h4>\n<p class=\"entry-summary\">Rapport d&#8217;activit\u00e9<\/p>\n<\/div>\n<\/div>\n\n<div class=\"ish-row ish-results\">\n<div id=\"post-1543\" class=\"ish-result ish-col-xs-12 ish-col-sm-11 post-1543 tribe_events type-tribe_events status-publish hentry tag-evenement ish-color6\">\n<p><span class=\"ish-result-number\">03<\/span><\/p>\n<h4 class=\"ish-title\"><a href=\"https:\/\/centre-unite.com\/wp-content\/uploads\/2020\/10\/Centre-Unite_RapportAnnuel_2019-2020_web.pdf\" target=\"_blank\" rel=\"bookmark noopener noreferrer\">Rapport annuel 2019-2020<\/a><\/h4>\n<p class=\"entry-summary\">Rapport d&#8217;activit\u00e9<\/p>\n<\/div>\n<\/div>\n\n<div class=\"ish-row ish-results\">\n<div id=\"post-1439\" class=\"ish-result ish-col-xs-12 ish-col-sm-11 post-1439 page type-page status-publish hentry ish-col-xs-offset-0 ish-col-sm-offset-1 ish-color13\">\n<p><span class=\"ish-result-number\">04<\/span><\/p>\n<h4 class=\"ish-title\"><a href=\"https:\/\/centre-unite.com\/wp-content\/uploads\/2020\/01\/Centre-Unite_RapportAnnuel_2018-19.pdf\" target=\"_blank\" rel=\"noopener noreferrer\">Rapport annuel 2018-2019<\/a><\/h4>\n<p class=\"entry-summary\">Rapport d&#8217;activit\u00e9<\/p>\n<\/div>\n<\/div>\n\n<div class=\"ish-row ish-results\">\n<div id=\"post-1368\" class=\"ish-result ish-col-xs-12 ish-col-sm-11 post-1368 page type-page status-publish hentry ish-color15\">\n<p><span class=\"ish-result-number\">05<\/span><\/p>\n<h4 class=\"ish-title\"><a href=\"https:\/\/centre-unite.com\/wp-content\/uploads\/2018\/11\/CU2017-2018.pdf\" target=\"_blank\" rel=\"bookmark noopener noreferrer\">Rapport annuel 2017-2018<\/a><\/h4>\n<p class=\"entry-summary\">Rapport d&#8217;activit\u00e9<\/p>\n<\/div>\n<\/div>\n\n<div class=\"ish-row ish-results\">\n<div id=\"post-1233\" class=\"ish-result ish-col-xs-12 ish-col-sm-11 post-1233 page type-page status-publish hentry ish-col-xs-offset-0 ish-col-sm-offset-1 ish-color10\">&nbsp;<\/div>\n<\/div>\n<\/div>\n","protected":false},"excerpt":{"rendered":"<p>Rapport d&#8217;activit\u00e9 01 Rapport annuel 2021-2022 Rapport d&#8217;activit\u00e9 02 Rapport annuel 2020-2021 Rapport d&#8217;activit\u00e9 03 Rapport annuel 2019-2020 Rapport d&#8217;activit\u00e9 04 Rapport annuel 2018-2019 Rapport d&#8217;activit\u00e9 05 Rapport annuel 2017-2018 [&hellip;]<\/p>\n","protected":false},"author":1,"featured_media":0,"parent":0,"menu_order":0,"comment_status":"closed","ping_status":"closed","template":"","meta":{"_mi_skip_tracking":false,"_exactmetrics_sitenote_active":false,"_exactmetrics_sitenote_note":"","_exactmetrics_sitenote_category":0,"footnotes":""},"_links":{"self":[{"href":"https:\/\/centre-unite.com\/index.php?rest_route=\/wp\/v2\/pages\/1565"}],"collection":[{"href":"https:\/\/centre-unite.com\/index.php?rest_route=\/wp\/v2\/pages"}],"about":[{"href":"https:\/\/centre-unite.com\/index.php?rest_route=\/wp\/v2\/types\/page"}],"author":[{"embeddable":true,"href":"https:\/\/centre-unite.com\/index.php?rest_route=\/wp\/v2\/users\/1"}],"replies":[{"embeddable":true,"href":"https:\/\/centre-unite.com\/index.php?rest_route=%2Fwp%2Fv2%2Fcomments&post=1565"}],"version-history":[{"count":57,"href":"https:\/\/centre-unite.com\/index.php?rest_route=\/wp\/v2\/pages\/1565\/revisions"}],"predecessor-version":[{"id":2377,"href":"https:\/\/centre-unite.com\/index.php?rest_route=\/wp\/v2\/pages\/1565\/revisions\/2377"}],"wp:attachment":[{"href":"https:\/\/centre-unite.com\/index.php?rest_route=%2Fwp%2Fv2%2Fmedia&parent=1565"}],"curies":[{"name":"wp","href":"https:\/\/api.w.org\/{rel}","templated":true}]}}